{"id":12,"date":"2018-10-18T18:30:43","date_gmt":"2018-10-18T18:30:43","guid":{"rendered":"http:\/\/cafe-alte-schule-friesenhofen.de\/?page_id=12"},"modified":"2023-07-19T14:49:08","modified_gmt":"2023-07-19T13:49:08","slug":"das-rathaus","status":"publish","type":"page","link":"https:\/\/cafe-alte-schule-friesenhofen.de\/?page_id=12","title":{"rendered":"Alte Schule"},"content":{"rendered":"<p><strong>Chronik Alte Schule und Rathaus Friesenhofen<\/strong><\/p>\n<p>Anno 1900 wurde der Neubau als Schule und Rathaus errichtet. Im gesamten Erdgeschoss fand der Schulunterricht statt.<\/p>\n<p>Im Obergeschoss gab es eine Lehrerwohnung und R\u00e4ume f\u00fcr die Amtsgesch\u00e4fte. Eingang f\u00fcr Verwaltung und Schule befand sich fr\u00fcher seitlich am Geb\u00e4ude zur Kirche St. Peter und Paul hin.<\/p>\n<p>1910 wurde die Friesenhofener Schule erweitert durch einen Anbau am Geb\u00e4ude in der heutigen Rimpacher Stra\u00dfe 8. Die Klassen wurden 1912 aufgeteilt, die Unterklassen 1 bis 4 wurden dort untergebracht und die Oberklassen 5 bis 8 verblieben im Rathaus.<\/p>\n<p>1970 begann der Neubau der Grundschule auf dem Ebnat und bis heute werden die Grundschulklassen 1 bis 4 hier unterrichtet.<\/p>\n<p>Die weiterf\u00fchrenden Schulen werden seit dem Neubau der Grundschule haupts\u00e4chlich in Leutkirch besucht.<\/p>\n<p>Das Rathaus bekam einen neuen zentralen Eingang auf der Vorderseite. Das B\u00fcro der Ortsverwaltung und Sitzungssaal befinden sich heute im Erdgeschoss. Im Obergeschoss ist das Archiv der Ortschaft Friesenhofen untergebracht und es gibt eine vermietete Wohnung, die restlichen R\u00e4ume stehen heute leer.<\/p>\n<p>Durch die Nutzung des Geb\u00e4udes von 1900 bis Anfang der Siebziger Jahre als Schulhaus, fiel die Wahl des Namens des geplanten Cafe auf \u201eAlte Schule\u201c.<\/p>\n<p><img loading=\"lazy\" decoding=\"async\" class=\"alignnone size-full wp-image-86\" src=\"http:\/\/cafe-alte-schule-friesenhofen.de\/wp-content\/uploads\/2018\/10\/Rathaus-Panorama.jpg\" alt=\"\" width=\"6498\" height=\"2610\" srcset=\"https:\/\/cafe-alte-schule-friesenhofen.de\/wp-content\/uploads\/2018\/10\/Rathaus-Panorama.jpg 6498w, https:\/\/cafe-alte-schule-friesenhofen.de\/wp-content\/uploads\/2018\/10\/Rathaus-Panorama-300x120.jpg 300w, https:\/\/cafe-alte-schule-friesenhofen.de\/wp-content\/uploads\/2018\/10\/Rathaus-Panorama-768x308.jpg 768w, https:\/\/cafe-alte-schule-friesenhofen.de\/wp-content\/uploads\/2018\/10\/Rathaus-Panorama-1024x411.jpg 1024w, https:\/\/cafe-alte-schule-friesenhofen.de\/wp-content\/uploads\/2018\/10\/Rathaus-Panorama-1140x458.jpg 1140w\" sizes=\"auto, (max-width: 6498px) 100vw, 6498px\" \/><\/p>\n<p>Rathaus in den 1920er &amp; Schulklasse 1954<\/p>\n","protected":false},"excerpt":{"rendered":"<p>Chronik Alte Schule und Rathaus Friesenhofen Anno 1900 wurde der Neubau als Schule und Rathaus errichtet. Im gesamten Erdgeschoss fand der Schulunterricht statt. Im Obergeschoss gab es eine Lehrerwohnung und R\u00e4ume f\u00fcr die Amtsgesch\u00e4fte. Eingang f\u00fcr Verwaltung und Schule befand sich fr\u00fcher seitlich am Geb\u00e4ude zur Kirche St. Peter und Paul hin. 1910 wurde die Friesenhofener Schule erweitert durch einen Anbau am Geb\u00e4ude in der heutigen Rimpacher Stra\u00dfe 8. Die Klassen wurden 1912 aufgeteilt, die Unterklassen 1 bis 4 wurden dort untergebracht und die Oberklassen 5 bis 8 verblieben im Rathaus. 1970 begann der Neubau der Grundschule auf dem Ebnat und bis heute werden die Grundschulklassen 1 bis 4 hier unterrichtet. Die weiterf\u00fchrenden Schulen werden seit dem Neubau der Grundschule haupts\u00e4chlich in Leutkirch besucht. Das Rathaus bekam einen neuen zentralen Eingang auf der Vorderseite. Das B\u00fcro der Ortsverwaltung und Sitzungssaal befinden sich heute im Erdgeschoss. Im Obergeschoss ist das Archiv der Ortschaft Friesenhofen untergebracht und es gibt eine vermietete Wohnung, die restlichen R\u00e4ume stehen heute leer. Durch die Nutzung des Geb\u00e4udes von 1900 bis Anfang der Siebziger Jahre als Schulhaus, fiel die Wahl des Namens des geplanten Cafe auf \u201eAlte Schule\u201c. Rathaus in den 1920er &amp; Schulklasse 1954<\/p>\n","protected":false},"author":1,"featured_media":0,"parent":0,"menu_order":0,"comment_status":"closed","ping_status":"closed","template":"","meta":{"_mc_calendar":[],"footnotes":""},"class_list":["post-12","page","type-page","status-publish","hentry"],"_links":{"self":[{"href":"https:\/\/cafe-alte-schule-friesenhofen.de\/index.php?rest_route=\/wp\/v2\/pages\/12","targetHints":{"allow":["GET"]}}],"collection":[{"href":"https:\/\/cafe-alte-schule-friesenhofen.de\/index.php?rest_route=\/wp\/v2\/pages"}],"about":[{"href":"https:\/\/cafe-alte-schule-friesenhofen.de\/index.php?rest_route=\/wp\/v2\/types\/page"}],"author":[{"embeddable":true,"href":"https:\/\/cafe-alte-schule-friesenhofen.de\/index.php?rest_route=\/wp\/v2\/users\/1"}],"replies":[{"embeddable":true,"href":"https:\/\/cafe-alte-schule-friesenhofen.de\/index.php?rest_route=%2Fwp%2Fv2%2Fcomments&post=12"}],"version-history":[{"count":12,"href":"https:\/\/cafe-alte-schule-friesenhofen.de\/index.php?rest_route=\/wp\/v2\/pages\/12\/revisions"}],"predecessor-version":[{"id":1318,"href":"https:\/\/cafe-alte-schule-friesenhofen.de\/index.php?rest_route=\/wp\/v2\/pages\/12\/revisions\/1318"}],"wp:attachment":[{"href":"https:\/\/cafe-alte-schule-friesenhofen.de\/index.php?rest_route=%2Fwp%2Fv2%2Fmedia&parent=12"}],"curies":[{"name":"wp","href":"https:\/\/api.w.org\/{rel}","templated":true}]}}