{"id":14,"date":"2018-10-18T18:31:01","date_gmt":"2018-10-18T18:31:01","guid":{"rendered":"http:\/\/cafe-alte-schule-friesenhofen.de\/?page_id=14"},"modified":"2023-07-19T14:48:15","modified_gmt":"2023-07-19T13:48:15","slug":"das-projekt","status":"publish","type":"page","link":"https:\/\/cafe-alte-schule-friesenhofen.de\/?page_id=14","title":{"rendered":"Das Projekt"},"content":{"rendered":"<p><strong>Projekt <em>&#8222;Dorfcaf\u00e9 Alte Schule Friesenhofen&#8220;<\/em><\/strong><\/p>\n<p>Friesenhofen ist sehr l\u00e4ndlich gepr\u00e4gt auch wenn die Landwirtschaft weitestgehend aus dem Ort verschwunden ist. Die Infrastruktur nimmt immer mehr ab, so sind von bis zu 3 parallel betriebenen Gastwirtschaften keine mehr vorhanden, Post und Banken haben den Ort verlassen und seit Januar 2019 gibt es, mit der Schlie\u00dfung der B\u00e4ckerei, auch keinen Laden mehr. Ein gl\u00fccklicher Umstand f\u00fcr das Dorf ist das Vorhandensein eines Kindergartens und der Grundschule. Durch die Neubaugebiete ist es ein Ziel f\u00fcr die Ortschaft Angebote zur Integrationsf\u00f6rderung zu schaffen.<\/p>\n<p>Im Ortschaftsrat Friesenhofen wurde die Idee geboren, t\u00e4tig zu werden und das Erdgeschoss im Rathaus einer neuen Nutzung zuzuf\u00fchren. Unterst\u00fctzt wird diese Idee durch die Geb\u00e4udekonzeption der Stadt Leutkirch und vorhandener F\u00f6rderprogramme.<\/p>\n<p>Das Ziel der Idee ist es, eine Begegnungsst\u00e4tte zu schaffen in Form eines Caf\u00e9s um:<\/p>\n<p>&#8211; einen Treffpunkt f\u00fcr Jung und Alt zu schaffen f\u00fcr eine lebendige Dorfgemeinschaft<\/p>\n<p>&#8211; sich kennenlernen und austauschen, gegenseitig unterst\u00fctzen und miteinander feiern<\/p>\n<p>&#8211; Impulse geben zur Motivation und Mitgestaltung durch B\u00fcrgerengagement<\/p>\n<p>&#8211; Dorfpr\u00e4sentation f\u00fcr G\u00e4ste aus nah und fern<\/p>\n<p>Eine schriftliche B\u00fcrgerbefragung hierzu wurde sehr positiv beantwortet. Und auch eine sehr gut besuchte\u00a0 B\u00fcrgerversammlung am 14.Juni.2018 wurde abgehalten. Ziel war es, das Interesse in der Dorfgemeinschaft zu erkunden sowie vorliegende Bedenken aufzunehmen und zu ber\u00fccksichtigen.<\/p>\n<p><img loading=\"lazy\" decoding=\"async\" class=\"alignleft wp-image-277\" src=\"https:\/\/cafe-alte-schule-friesenhofen.de\/wp-content\/uploads\/2019\/03\/Logo-Stadt-Leutkirch.png\" alt=\"\" width=\"119\" height=\"78\" \/>Finanziell wird das Projekt auf mehrere Standbeine verteilt werden, zum einen hat die <strong>Gro\u00dfe Kreisstadt Leutkirch<\/strong> gro\u00dfes Interesse an solch einer L\u00f6sung und der Gemeinderat hat im Februar 2019 das Projekt bewilligt, zum anderen wurde ein erfolgreicher<strong><a href=\"https:\/\/www.wuerttembergisches-allgaeu.eu\/aktuelles-detail\/elf-neue-leader-projekte-in-der-region.html\" target=\"_blank\" rel=\"noopener noreferrer\">LEADER Antrag<\/a><\/strong> gestellt.<\/p>\n<p>Dazu kommen nat\u00fcrlich <strong>Eigenleistung, Spenden und Veranstaltungen<\/strong> zur Finanzierung sowie Zusch\u00fcsse aus dem <strong>Bundesprogramm Demokratie Leben<\/strong>.<\/p>\n<p>Um dieses Ziel zu erreichen, wurde ein Arbeitskreis gegr\u00fcndet dem bislang ca. 20 Mitstreiter angeh\u00f6ren, weitere Mitglieder im Arbeitskreis sind gesucht und herzlich willkommen. <a href=\"http:\/\/cafe-alte-schule-friesenhofen.de\/?page_id=7\">Kontakt<\/a><\/p>\n<p>Was ist LEADER?<\/p>\n<ul>\n<li><img loading=\"lazy\" decoding=\"async\" class=\"alignright size-thumbnail wp-image-278\" src=\"https:\/\/cafe-alte-schule-friesenhofen.de\/wp-content\/uploads\/2019\/03\/Leader_Logo-150x150.jpg\" alt=\"\" width=\"150\" height=\"150\" srcset=\"https:\/\/cafe-alte-schule-friesenhofen.de\/wp-content\/uploads\/2019\/03\/Leader_Logo-150x150.jpg 150w, https:\/\/cafe-alte-schule-friesenhofen.de\/wp-content\/uploads\/2019\/03\/Leader_Logo-298x300.jpg 298w, https:\/\/cafe-alte-schule-friesenhofen.de\/wp-content\/uploads\/2019\/03\/Leader_Logo-768x773.jpg 768w, https:\/\/cafe-alte-schule-friesenhofen.de\/wp-content\/uploads\/2019\/03\/Leader_Logo-300x300.jpg 300w, https:\/\/cafe-alte-schule-friesenhofen.de\/wp-content\/uploads\/2019\/03\/Leader_Logo-75x75.jpg 75w, https:\/\/cafe-alte-schule-friesenhofen.de\/wp-content\/uploads\/2019\/03\/Leader_Logo.jpg 1007w\" sizes=\"auto, (max-width: 150px) 100vw, 150px\" \/>ist ein F\u00f6rderprogramm der Europ\u00e4ischen Union und der einzelnen Bundesl\u00e4nder f\u00fcr den l\u00e4ndlichen Raum.<\/li>\n<li>steht f\u00fcr \u201e<strong>Liaison Entre Actions de D\u00e9veloppement de l\u2019\u00c9conomie Rurale<\/strong>\u201c und bedeutet \u201eVerbindung von Aktionen zur Entwicklung der L\u00e4ndlichen Wirtschaft\u201c\/\u201eVerbindung von Aktionen zur Entwicklung des L\u00e4ndlichen Raums\u201c.<\/li>\n<li>hat das Ziel, die l\u00e4ndlichen Regionen sozial, kulturell und wirtschaftlich zu st\u00e4rken. Besonders wichtig: Entwicklungsinitiative und Projekte sollen von den Akteuren der Region selbst ausgehen.<\/li>\n<li>lebt damit von der Beteiligung durch B\u00fcrger\/innen, Unternehmer\/innen, Vertreter\/innen von Vereinen, Verb\u00e4nden, Initiativen, Kommunen usw.<\/li>\n<\/ul>\n<p>LEADER ist in jeder Hinsicht ein Mitmachprogramm, das die Region aus sich heraus st\u00e4rken will!<\/p>\n<hr \/>\n<p>&nbsp;<\/p>\n","protected":false},"excerpt":{"rendered":"<p>Projekt &#8222;Dorfcaf\u00e9 Alte Schule Friesenhofen&#8220; Friesenhofen ist sehr l\u00e4ndlich gepr\u00e4gt auch wenn die Landwirtschaft weitestgehend aus dem Ort verschwunden ist. Die Infrastruktur nimmt immer mehr ab, so sind von bis zu 3 parallel betriebenen Gastwirtschaften keine mehr vorhanden, Post und Banken haben den Ort verlassen und seit Januar 2019 gibt es, mit der Schlie\u00dfung der B\u00e4ckerei, auch keinen Laden mehr. Ein gl\u00fccklicher Umstand f\u00fcr das Dorf ist das Vorhandensein eines Kindergartens und der Grundschule. Durch die Neubaugebiete ist es ein Ziel f\u00fcr die Ortschaft Angebote zur Integrationsf\u00f6rderung zu schaffen. Im Ortschaftsrat Friesenhofen wurde die Idee geboren, t\u00e4tig zu werden und das Erdgeschoss im Rathaus einer neuen Nutzung zuzuf\u00fchren. Unterst\u00fctzt wird diese Idee durch die Geb\u00e4udekonzeption der Stadt Leutkirch und vorhandener F\u00f6rderprogramme. Das Ziel der Idee ist es, eine Begegnungsst\u00e4tte zu schaffen in Form eines Caf\u00e9s um: &#8211; einen Treffpunkt f\u00fcr Jung und Alt zu schaffen f\u00fcr eine lebendige Dorfgemeinschaft &#8211; sich kennenlernen und austauschen, gegenseitig unterst\u00fctzen und miteinander feiern &#8211; Impulse geben zur Motivation und Mitgestaltung durch B\u00fcrgerengagement &#8211; Dorfpr\u00e4sentation f\u00fcr G\u00e4ste aus nah und fern Eine schriftliche B\u00fcrgerbefragung hierzu wurde sehr positiv beantwortet. Und auch eine sehr gut besuchte\u00a0 B\u00fcrgerversammlung am 14.Juni.2018 wurde abgehalten. Ziel war es, das Interesse in der Dorfgemeinschaft zu erkunden sowie vorliegende Bedenken aufzunehmen und zu ber\u00fccksichtigen. Finanziell wird das Projekt auf mehrere Standbeine verteilt werden, zum einen hat die Gro\u00dfe Kreisstadt Leutkirch gro\u00dfes Interesse an solch einer L\u00f6sung und der Gemeinderat hat im Februar 2019 das Projekt bewilligt, zum anderen wurde ein erfolgreicherLEADER Antrag gestellt. Dazu kommen nat\u00fcrlich Eigenleistung, Spenden und Veranstaltungen zur Finanzierung sowie Zusch\u00fcsse aus dem Bundesprogramm Demokratie Leben. Um dieses Ziel zu erreichen, wurde ein Arbeitskreis gegr\u00fcndet dem bislang ca. 20 Mitstreiter angeh\u00f6ren, weitere Mitglieder im Arbeitskreis sind gesucht und herzlich willkommen. Kontakt Was ist LEADER? ist ein F\u00f6rderprogramm der Europ\u00e4ischen Union und der einzelnen Bundesl\u00e4nder f\u00fcr den l\u00e4ndlichen Raum. steht f\u00fcr \u201eLiaison Entre Actions de D\u00e9veloppement de l\u2019\u00c9conomie Rurale\u201c und bedeutet \u201eVerbindung von Aktionen zur Entwicklung der L\u00e4ndlichen Wirtschaft\u201c\/\u201eVerbindung von Aktionen zur Entwicklung des L\u00e4ndlichen Raums\u201c. hat das Ziel, die l\u00e4ndlichen Regionen sozial, kulturell und wirtschaftlich zu st\u00e4rken. Besonders wichtig: Entwicklungsinitiative und Projekte sollen von den Akteuren der Region selbst ausgehen. lebt damit von der Beteiligung durch B\u00fcrger\/innen, Unternehmer\/innen, Vertreter\/innen von Vereinen, Verb\u00e4nden, Initiativen, Kommunen usw. LEADER ist in jeder Hinsicht ein Mitmachprogramm, das die Region aus sich heraus st\u00e4rken will! &nbsp;<\/p>\n","protected":false},"author":1,"featured_media":0,"parent":0,"menu_order":0,"comment_status":"closed","ping_status":"closed","template":"","meta":{"_mc_calendar":[],"footnotes":""},"class_list":["post-14","page","type-page","status-publish","hentry"],"_links":{"self":[{"href":"https:\/\/cafe-alte-schule-friesenhofen.de\/index.php?rest_route=\/wp\/v2\/pages\/14","targetHints":{"allow":["GET"]}}],"collection":[{"href":"https:\/\/cafe-alte-schule-friesenhofen.de\/index.php?rest_route=\/wp\/v2\/pages"}],"about":[{"href":"https:\/\/cafe-alte-schule-friesenhofen.de\/index.php?rest_route=\/wp\/v2\/types\/page"}],"author":[{"embeddable":true,"href":"https:\/\/cafe-alte-schule-friesenhofen.de\/index.php?rest_route=\/wp\/v2\/users\/1"}],"replies":[{"embeddable":true,"href":"https:\/\/cafe-alte-schule-friesenhofen.de\/index.php?rest_route=%2Fwp%2Fv2%2Fcomments&post=14"}],"version-history":[{"count":21,"href":"https:\/\/cafe-alte-schule-friesenhofen.de\/index.php?rest_route=\/wp\/v2\/pages\/14\/revisions"}],"predecessor-version":[{"id":1317,"href":"https:\/\/cafe-alte-schule-friesenhofen.de\/index.php?rest_route=\/wp\/v2\/pages\/14\/revisions\/1317"}],"wp:attachment":[{"href":"https:\/\/cafe-alte-schule-friesenhofen.de\/index.php?rest_route=%2Fwp%2Fv2%2Fmedia&parent=14"}],"curies":[{"name":"wp","href":"https:\/\/api.w.org\/{rel}","templated":true}]}}

<p><strong>Projekt <em>&#8222;Dorfcafé Alte Schule Friesenhofen&#8220;</em></strong></p>
<p>Friesenhofen ist sehr ländlich geprägt auch wenn die Landwirtschaft weitestgehend aus dem Ort verschwunden ist. Die Infrastruktur nimmt immer mehr ab, so sind von bis zu 3 parallel betriebenen Gastwirtschaften keine mehr vorhanden, Post und Banken haben den Ort verlassen und seit Januar 2019 gibt es, mit der Schließung der Bäckerei, auch keinen Laden mehr. Ein glücklicher Umstand für das Dorf ist das Vorhandensein eines Kindergartens und der Grundschule. Durch die Neubaugebiete ist es ein Ziel für die Ortschaft Angebote zur Integrationsförderung zu schaffen.</p>
<p>Im Ortschaftsrat Friesenhofen wurde die Idee geboren, tätig zu werden und das Erdgeschoss im Rathaus einer neuen Nutzung zuzuführen. Unterstützt wird diese Idee durch die Gebäudekonzeption der Stadt Leutkirch und vorhandener Förderprogramme.</p>
<p>Das Ziel der Idee ist es, eine Begegnungsstätte zu schaffen in Form eines Cafés um:</p>
<p>&#8211; einen Treffpunkt für Jung und Alt zu schaffen für eine lebendige Dorfgemeinschaft</p>
<p>&#8211; sich kennenlernen und austauschen, gegenseitig unterstützen und miteinander feiern</p>
<p>&#8211; Impulse geben zur Motivation und Mitgestaltung durch Bürgerengagement</p>
<p>&#8211; Dorfpräsentation für Gäste aus nah und fern</p>
<p>Eine schriftliche Bürgerbefragung hierzu wurde sehr positiv beantwortet. Und auch eine sehr gut besuchte  Bürgerversammlung am 14.Juni.2018 wurde abgehalten. Ziel war es, das Interesse in der Dorfgemeinschaft zu erkunden sowie vorliegende Bedenken aufzunehmen und zu berücksichtigen.</p>
<p><img loading="lazy" decoding="async" class="alignleft wp-image-277" src="https://cafe-alte-schule-friesenhofen.de/wp-content/uploads/2019/03/Logo-Stadt-Leutkirch.png" alt="" width="119" height="78" />Finanziell wird das Projekt auf mehrere Standbeine verteilt werden, zum einen hat die <strong>Große Kreisstadt Leutkirch</strong> großes Interesse an solch einer Lösung und der Gemeinderat hat im Februar 2019 das Projekt bewilligt, zum anderen wurde ein erfolgreicher<strong><a href="https://www.wuerttembergisches-allgaeu.eu/aktuelles-detail/elf-neue-leader-projekte-in-der-region.html" target="_blank" rel="noopener noreferrer">LEADER Antrag</a></strong> gestellt.</p>
<p>Dazu kommen natürlich <strong>Eigenleistung, Spenden und Veranstaltungen</strong> zur Finanzierung sowie Zuschüsse aus dem <strong>Bundesprogramm Demokratie Leben</strong>.</p>
<p>Um dieses Ziel zu erreichen, wurde ein Arbeitskreis gegründet dem bislang ca. 20 Mitstreiter angehören, weitere Mitglieder im Arbeitskreis sind gesucht und herzlich willkommen. <a href="http://cafe-alte-schule-friesenhofen.de/?page_id=7">Kontakt</a></p>
<p>Was ist LEADER?</p>
<ul>
<li><img loading="lazy" decoding="async" class="alignright size-thumbnail wp-image-278" src="https://cafe-alte-schule-friesenhofen.de/wp-content/uploads/2019/03/Leader_Logo-150x150.jpg" alt="" width="150" height="150" srcset="https://cafe-alte-schule-friesenhofen.de/wp-content/uploads/2019/03/Leader_Logo-150x150.jpg 150w, https://cafe-alte-schule-friesenhofen.de/wp-content/uploads/2019/03/Leader_Logo-298x300.jpg 298w, https://cafe-alte-schule-friesenhofen.de/wp-content/uploads/2019/03/Leader_Logo-768x773.jpg 768w, https://cafe-alte-schule-friesenhofen.de/wp-content/uploads/2019/03/Leader_Logo-300x300.jpg 300w, https://cafe-alte-schule-friesenhofen.de/wp-content/uploads/2019/03/Leader_Logo-75x75.jpg 75w, https://cafe-alte-schule-friesenhofen.de/wp-content/uploads/2019/03/Leader_Logo.jpg 1007w" sizes="auto, (max-width: 150px) 100vw, 150px" />ist ein Förderprogramm der Europäischen Union und der einzelnen Bundesländer für den ländlichen Raum.</li>
<li>steht für „<strong>Liaison Entre Actions de Développement de l’Économie Rurale</strong>“ und bedeutet „Verbindung von Aktionen zur Entwicklung der Ländlichen Wirtschaft“/„Verbindung von Aktionen zur Entwicklung des Ländlichen Raums“.</li>
<li>hat das Ziel, die ländlichen Regionen sozial, kulturell und wirtschaftlich zu stärken. Besonders wichtig: Entwicklungsinitiative und Projekte sollen von den Akteuren der Region selbst ausgehen.</li>
<li>lebt damit von der Beteiligung durch Bürger/innen, Unternehmer/innen, Vertreter/innen von Vereinen, Verbänden, Initiativen, Kommunen usw.</li>
</ul>
<p>LEADER ist in jeder Hinsicht ein Mitmachprogramm, das die Region aus sich heraus stärken will!</p>
<hr />
<p>&nbsp;</p>

<p>Projekt &#8222;Dorfcafé Alte Schule Friesenhofen&#8220; Friesenhofen ist sehr ländlich geprägt auch wenn die Landwirtschaft weitestgehend aus dem Ort verschwunden ist. Die Infrastruktur nimmt immer mehr ab, so sind von bis zu 3 parallel betriebenen Gastwirtschaften keine mehr vorhanden, Post und Banken haben den Ort verlassen und seit Januar 2019 gibt es, mit der Schließung der Bäckerei, auch keinen Laden mehr. Ein glücklicher Umstand für das Dorf ist das Vorhandensein eines Kindergartens und der Grundschule. Durch die Neubaugebiete ist es ein Ziel für die Ortschaft Angebote zur Integrationsförderung zu schaffen. Im Ortschaftsrat Friesenhofen wurde die Idee geboren, tätig zu werden und das Erdgeschoss im Rathaus einer neuen Nutzung zuzuführen. Unterstützt wird diese Idee durch die Gebäudekonzeption der Stadt Leutkirch und vorhandener Förderprogramme. Das Ziel der Idee ist es, eine Begegnungsstätte zu schaffen in Form eines Cafés um: &#8211; einen Treffpunkt für Jung und Alt zu schaffen für eine lebendige Dorfgemeinschaft &#8211; sich kennenlernen und austauschen, gegenseitig unterstützen und miteinander feiern &#8211; Impulse geben zur Motivation und Mitgestaltung durch Bürgerengagement &#8211; Dorfpräsentation für Gäste aus nah und fern Eine schriftliche Bürgerbefragung hierzu wurde sehr positiv beantwortet. Und auch eine sehr gut besuchte  Bürgerversammlung am 14.Juni.2018 wurde abgehalten. Ziel war es, das Interesse in der Dorfgemeinschaft zu erkunden sowie vorliegende Bedenken aufzunehmen und zu berücksichtigen. Finanziell wird das Projekt auf mehrere Standbeine verteilt werden, zum einen hat die Große Kreisstadt Leutkirch großes Interesse an solch einer Lösung und der Gemeinderat hat im Februar 2019 das Projekt bewilligt, zum anderen wurde ein erfolgreicherLEADER Antrag gestellt. Dazu kommen natürlich Eigenleistung, Spenden und Veranstaltungen zur Finanzierung sowie Zuschüsse aus dem Bundesprogramm Demokratie Leben. Um dieses Ziel zu erreichen, wurde ein Arbeitskreis gegründet dem bislang ca. 20 Mitstreiter angehören, weitere Mitglieder im Arbeitskreis sind gesucht und herzlich willkommen. Kontakt Was ist LEADER? ist ein Förderprogramm der Europäischen Union und der einzelnen Bundesländer für den ländlichen Raum. steht für „Liaison Entre Actions de Développement de l’Économie Rurale“ und bedeutet „Verbindung von Aktionen zur Entwicklung der Ländlichen Wirtschaft“/„Verbindung von Aktionen zur Entwicklung des Ländlichen Raums“. hat das Ziel, die ländlichen Regionen sozial, kulturell und wirtschaftlich zu stärken. Besonders wichtig: Entwicklungsinitiative und Projekte sollen von den Akteuren der Region selbst ausgehen. lebt damit von der Beteiligung durch Bürger/innen, Unternehmer/innen, Vertreter/innen von Vereinen, Verbänden, Initiativen, Kommunen usw. LEADER ist in jeder Hinsicht ein Mitmachprogramm, das die Region aus sich heraus stärken will! &nbsp;</p>
