{"id":5,"date":"2018-10-18T18:25:01","date_gmt":"2018-10-18T18:25:01","guid":{"rendered":"http:\/\/cafe-alte-schule-friesenhofen.de\/?page_id=5"},"modified":"2023-07-19T14:52:37","modified_gmt":"2023-07-19T13:52:37","slug":"ueber-friesenhofen","status":"publish","type":"page","link":"https:\/\/cafe-alte-schule-friesenhofen.de\/?page_id=5","title":{"rendered":"\u00dcber Friesenhofen"},"content":{"rendered":"<p><strong>Friesenhofen im Allg\u00e4u<\/strong><\/p>\n<div id=\"mainContentArea\">\n<p>Mit einer Fl\u00e4che von 1287 ha und auf\u00a0einer H\u00f6he von 716m\u00a0liegt die Ortschaft Friesenhofen idyllisch am Westhang der Adelegg. Es leben ca. 800 Einwohner in der Ortschaft.<\/p>\n<p>Das Dorf ist sehr l\u00e4ndlich gepr\u00e4gt auch wenn die Landwirtschaft weitestgehend aus dem Ort verschwunden ist. Die Infrastruktur nimmt immer mehr ab, so ist von bis zu 3 parallel betrieben Gastwirtschaften keine mehr vorhanden, Post und Banken haben den Ort verlassen und seit Januar 2019 gibt es, mit der Schlie\u00dfung der B\u00e4ckerei, auch keinen Laden mehr. Ein gl\u00fccklicher Umstand f\u00fcr das Dorf ist das Vorhandensein eines Kindergartens und der Grundschule. Und auch wird das Dorfleben belebt durch verschiedenen Vereine und Organisationen. So gibt es neben den Organisationen wie der Freiwilligen Feuerwehr, dem Kirchenchor und der Landjugend noch Vereine mit unterschiedlichen Angeboten, wie die Sportgemeinde, der Sch\u00fctzenverein, die Trachtenkapelle und FamilienLebenFriesenhofen.<\/p>\n<p>Friesenhofen besteht aus den Ortsteilen Rimpach, Ellmeney und Bahnhof. Weitere Weiler sind Bachschwemme, Badhaus, Bahnhof Friesenhofen, Boschen, Bottentann, Ellmeney, S\u00e4gm\u00fchle, Halden, Hitzenlinde, Kaltbronnen, Oberhofen, Rimpach, Rinneb\u00fchl, Speckenloch, Unteres Moos und Wald. \u00a0<a href=\"https:\/\/www.leutkirch.de\/137\" target=\"_blank\" rel=\"noopener noreferrer\">Weiterlesen&#8230;<\/a><\/p>\n<p><img loading=\"lazy\" decoding=\"async\" class=\"aligncenter size-full wp-image-34\" src=\"http:\/\/cafe-alte-schule-friesenhofen.de\/wp-content\/uploads\/2018\/10\/Friesenhofen-1500_2.jpg\" alt=\"\" width=\"1500\" height=\"430\" srcset=\"https:\/\/cafe-alte-schule-friesenhofen.de\/wp-content\/uploads\/2018\/10\/Friesenhofen-1500_2.jpg 1500w, https:\/\/cafe-alte-schule-friesenhofen.de\/wp-content\/uploads\/2018\/10\/Friesenhofen-1500_2-300x86.jpg 300w, https:\/\/cafe-alte-schule-friesenhofen.de\/wp-content\/uploads\/2018\/10\/Friesenhofen-1500_2-768x220.jpg 768w, https:\/\/cafe-alte-schule-friesenhofen.de\/wp-content\/uploads\/2018\/10\/Friesenhofen-1500_2-1024x294.jpg 1024w, https:\/\/cafe-alte-schule-friesenhofen.de\/wp-content\/uploads\/2018\/10\/Friesenhofen-1500_2-1140x327.jpg 1140w\" sizes=\"auto, (max-width: 1500px) 100vw, 1500px\" \/><\/p>\n<p>&nbsp;<\/p>\n<p>Links zu Vereinen:<\/p>\n<ul>\n<li><a href=\"http:\/\/www.tk-f.de\" target=\"_blank\" rel=\"noopener noreferrer\">Trachtenkapelle Friesenhofen<\/a><\/li>\n<li><a href=\"https:\/\/www.sg-friesenhofen.de\/\" target=\"_blank\" rel=\"noopener noreferrer\">SG Friesenhofen<\/a><\/li>\n<li><a href=\"http:\/\/familienlebenfriesenhofen.de\/\" target=\"_blank\" rel=\"noopener noreferrer\">FamilienLebenFriesenhofen<\/a><\/li>\n<\/ul>\n<\/div>\n","protected":false},"excerpt":{"rendered":"<p>Friesenhofen im Allg\u00e4u Mit einer Fl\u00e4che von 1287 ha und auf\u00a0einer H\u00f6he von 716m\u00a0liegt die Ortschaft Friesenhofen idyllisch am Westhang der Adelegg. Es leben ca. 800 Einwohner in der Ortschaft. Das Dorf ist sehr l\u00e4ndlich gepr\u00e4gt auch wenn die Landwirtschaft weitestgehend aus dem Ort verschwunden ist. Die Infrastruktur nimmt immer mehr ab, so ist von bis zu 3 parallel betrieben Gastwirtschaften keine mehr vorhanden, Post und Banken haben den Ort verlassen und seit Januar 2019 gibt es, mit der Schlie\u00dfung der B\u00e4ckerei, auch keinen Laden mehr. Ein gl\u00fccklicher Umstand f\u00fcr das Dorf ist das Vorhandensein eines Kindergartens und der Grundschule. Und auch wird das Dorfleben belebt durch verschiedenen Vereine und Organisationen. So gibt es neben den Organisationen wie der Freiwilligen Feuerwehr, dem Kirchenchor und der Landjugend noch Vereine mit unterschiedlichen Angeboten, wie die Sportgemeinde, der Sch\u00fctzenverein, die Trachtenkapelle und FamilienLebenFriesenhofen. Friesenhofen besteht aus den Ortsteilen Rimpach, Ellmeney und Bahnhof. Weitere Weiler sind Bachschwemme, Badhaus, Bahnhof Friesenhofen, Boschen, Bottentann, Ellmeney, S\u00e4gm\u00fchle, Halden, Hitzenlinde, Kaltbronnen, Oberhofen, Rimpach, Rinneb\u00fchl, Speckenloch, Unteres Moos und Wald. \u00a0Weiterlesen&#8230; &nbsp; Links zu Vereinen: Trachtenkapelle Friesenhofen SG Friesenhofen FamilienLebenFriesenhofen<\/p>\n","protected":false},"author":1,"featured_media":0,"parent":0,"menu_order":0,"comment_status":"closed","ping_status":"closed","template":"","meta":{"_mc_calendar":[],"footnotes":""},"class_list":["post-5","page","type-page","status-publish","hentry"],"_links":{"self":[{"href":"https:\/\/cafe-alte-schule-friesenhofen.de\/index.php?rest_route=\/wp\/v2\/pages\/5","targetHints":{"allow":["GET"]}}],"collection":[{"href":"https:\/\/cafe-alte-schule-friesenhofen.de\/index.php?rest_route=\/wp\/v2\/pages"}],"about":[{"href":"https:\/\/cafe-alte-schule-friesenhofen.de\/index.php?rest_route=\/wp\/v2\/types\/page"}],"author":[{"embeddable":true,"href":"https:\/\/cafe-alte-schule-friesenhofen.de\/index.php?rest_route=\/wp\/v2\/users\/1"}],"replies":[{"embeddable":true,"href":"https:\/\/cafe-alte-schule-friesenhofen.de\/index.php?rest_route=%2Fwp%2Fv2%2Fcomments&post=5"}],"version-history":[{"count":18,"href":"https:\/\/cafe-alte-schule-friesenhofen.de\/index.php?rest_route=\/wp\/v2\/pages\/5\/revisions"}],"predecessor-version":[{"id":1321,"href":"https:\/\/cafe-alte-schule-friesenhofen.de\/index.php?rest_route=\/wp\/v2\/pages\/5\/revisions\/1321"}],"wp:attachment":[{"href":"https:\/\/cafe-alte-schule-friesenhofen.de\/index.php?rest_route=%2Fwp%2Fv2%2Fmedia&parent=5"}],"curies":[{"name":"wp","href":"https:\/\/api.w.org\/{rel}","templated":true}]}}